{"id":14,"date":"2025-07-10T07:09:21","date_gmt":"2025-07-10T07:09:21","guid":{"rendered":"https:\/\/kosmetik-seny.ch\/KosmetikSeny\/?page_id=14"},"modified":"2025-07-10T10:22:34","modified_gmt":"2025-07-10T10:22:34","slug":"gesichtsbehandlung","status":"publish","type":"page","link":"https:\/\/kosmetik-seny.ch\/KosmetikSeny\/?page_id=14","title":{"rendered":"Gesichtsbehandlung"},"content":{"rendered":"\n<div class=\"wp-block-group alignwide has-global-padding is-layout-constrained wp-block-group-is-layout-constrained\">\n<div class=\"wp-block-media-text alignwide has-media-on-the-right is-stacked-on-mobile\" style=\"grid-template-columns:auto 31%\"><div class=\"wp-block-media-text__content\">\n<p><strong>Gesichtsbehandlung<\/strong><\/p>\n\n\n\n<p class=\"has-medium-font-size\">Die Hautpflege insbesondre im Gesicht geh\u00f6rt grosse Aufmerksamkeit und Bedeutung. Meine Behandlungen werden genau darauf ausgerichtet und abgestimmt. Dabei verwende ich biologische und herk\u00f6mmliche Produkte die sehr hautvertr\u00e4glich sind. Meine Behandlung f\u00f6rdert Ihr Wohlbefinden und Ihre Zufriedenheit. Denn das Gesicht ist das Fenster in unsere Seele.Frauen m\u00f6gen es, wenn ihre Augenbrauen gepflegt, gezupft sind und somit dem Gesicht ein markantes Erscheinungsbild schenken. Um die Wirkung zu verst\u00e4rken empfehle ich die Augen zus\u00e4tzlich dezent und hauttypspezifisch zu F\u00e4rben und damit die markante Gesichtsform noch mehr zu betonen. Gerne werde ich Sie, mit meiner Erfahrung und Ausbildung dabei unterst\u00fctzen.<\/p>\n\n\n\n<p><strong>Endlich ein bezahlbares System das wirkt<\/strong><\/p>\n\n\n\n<p class=\"has-medium-font-size\">Mit&nbsp;<em>BYAS<\/em>, dem Bionic Youth Activating System, ist erstmals die Synthese aus bew\u00e4hrter Medizintechnik, Sch\u00f6nheitstechnologie und hochwirksamen Pr\u00e4paraten gelungen. BYAS wirkt dem Alterungsprozess in den Zellen entgegen. Lassen Sie sich von mir beraten.<\/p>\n<\/div><figure class=\"wp-block-media-text__media\"><img loading=\"lazy\" decoding=\"async\" width=\"200\" height=\"300\" src=\"https:\/\/kosmetik-seny.ch\/KosmetikSeny\/wp-content\/uploads\/2025\/07\/Gesicht_klein.png\" alt=\"\" class=\"wp-image-54 size-full\"\/><\/figure><\/div>\n<\/div>\n","protected":false},"excerpt":{"rendered":"<p>Gesichtsbehandlung Die Hautpflege insbesondre im Gesicht geh\u00f6rt grosse Aufmerksamkeit und Bedeutung. Meine Behandlungen werden genau darauf ausgerichtet und abgestimmt. Dabei verwende ich biologische und herk\u00f6mmliche Produkte die sehr hautvertr\u00e4glich sind. Meine Behandlung f\u00f6rdert Ihr Wohlbefinden und Ihre Zufriedenheit. Denn das Gesicht ist das Fenster in unsere Seele.Frauen m\u00f6gen es, wenn ihre Augenbrauen gepflegt, gezupft sind [&hellip;]<\/p>\n","protected":false},"author":1,"featured_media":0,"parent":8,"menu_order":2,"comment_status":"closed","ping_status":"closed","template":"ks_gesichtsbehandlung","meta":{"footnotes":""},"class_list":["post-14","page","type-page","status-publish","hentry"],"_links":{"self":[{"href":"https:\/\/kosmetik-seny.ch\/KosmetikSeny\/index.php?rest_route=\/wp\/v2\/pages\/14","targetHints":{"allow":["GET"]}}],"collection":[{"href":"https:\/\/kosmetik-seny.ch\/KosmetikSeny\/index.php?rest_route=\/wp\/v2\/pages"}],"about":[{"href":"https:\/\/kosmetik-seny.ch\/KosmetikSeny\/index.php?rest_route=\/wp\/v2\/types\/page"}],"author":[{"embeddable":true,"href":"https:\/\/kosmetik-seny.ch\/KosmetikSeny\/index.php?rest_route=\/wp\/v2\/users\/1"}],"replies":[{"embeddable":true,"href":"https:\/\/kosmetik-seny.ch\/KosmetikSeny\/index.php?rest_route=%2Fwp%2Fv2%2Fcomments&post=14"}],"version-history":[{"count":6,"href":"https:\/\/kosmetik-seny.ch\/KosmetikSeny\/index.php?rest_route=\/wp\/v2\/pages\/14\/revisions"}],"predecessor-version":[{"id":109,"href":"https:\/\/kosmetik-seny.ch\/KosmetikSeny\/index.php?rest_route=\/wp\/v2\/pages\/14\/revisions\/109"}],"up":[{"embeddable":true,"href":"https:\/\/kosmetik-seny.ch\/KosmetikSeny\/index.php?rest_route=\/wp\/v2\/pages\/8"}],"wp:attachment":[{"href":"https:\/\/kosmetik-seny.ch\/KosmetikSeny\/index.php?rest_route=%2Fwp%2Fv2%2Fmedia&parent=14"}],"curies":[{"name":"wp","href":"https:\/\/api.w.org\/{rel}","templated":true}]}}

<div class="wp-block-group alignwide has-global-padding is-layout-constrained wp-block-group-is-layout-constrained">
<div class="wp-block-media-text alignwide has-media-on-the-right is-stacked-on-mobile" style="grid-template-columns:auto 31%"><div class="wp-block-media-text__content">
<p><strong>Gesichtsbehandlung</strong></p>



<p class="has-medium-font-size">Die Hautpflege insbesondre im Gesicht gehört grosse Aufmerksamkeit und Bedeutung. Meine Behandlungen werden genau darauf ausgerichtet und abgestimmt. Dabei verwende ich biologische und herkömmliche Produkte die sehr hautverträglich sind. Meine Behandlung fördert Ihr Wohlbefinden und Ihre Zufriedenheit. Denn das Gesicht ist das Fenster in unsere Seele.Frauen mögen es, wenn ihre Augenbrauen gepflegt, gezupft sind und somit dem Gesicht ein markantes Erscheinungsbild schenken. Um die Wirkung zu verstärken empfehle ich die Augen zusätzlich dezent und hauttypspezifisch zu Färben und damit die markante Gesichtsform noch mehr zu betonen. Gerne werde ich Sie, mit meiner Erfahrung und Ausbildung dabei unterstützen.</p>



<p><strong>Endlich ein bezahlbares System das wirkt</strong></p>



<p class="has-medium-font-size">Mit&nbsp;<em>BYAS</em>, dem Bionic Youth Activating System, ist erstmals die Synthese aus bewährter Medizintechnik, Schönheitstechnologie und hochwirksamen Präparaten gelungen. BYAS wirkt dem Alterungsprozess in den Zellen entgegen. Lassen Sie sich von mir beraten.</p>
</div><figure class="wp-block-media-text__media"><img loading="lazy" decoding="async" width="200" height="300" src="https://kosmetik-seny.ch/KosmetikSeny/wp-content/uploads/2025/07/Gesicht_klein.png" alt="" class="wp-image-54 size-full"/></figure></div>
</div>

<p>Gesichtsbehandlung Die Hautpflege insbesondre im Gesicht gehört grosse Aufmerksamkeit und Bedeutung. Meine Behandlungen werden genau darauf ausgerichtet und abgestimmt. Dabei verwende ich biologische und herkömmliche Produkte die sehr hautverträglich sind. Meine Behandlung fördert Ihr Wohlbefinden und Ihre Zufriedenheit. Denn das Gesicht ist das Fenster in unsere Seele.Frauen mögen es, wenn ihre Augenbrauen gepflegt, gezupft sind [&hellip;]</p>
