{"id":2,"date":"2016-05-10T03:48:21","date_gmt":"2016-05-10T03:48:21","guid":{"rendered":"https:\/\/kosmetik-seny.ch\/KosmetikSeny\/?page_id=2"},"modified":"2025-07-10T07:36:17","modified_gmt":"2025-07-10T07:36:17","slug":"home","status":"publish","type":"page","link":"https:\/\/kosmetik-seny.ch\/KosmetikSeny\/","title":{"rendered":"Home"},"content":{"rendered":"\n<p class=\"has-text-align-center\"><strong>Herzlich Willkommen<\/strong><\/p>\n\n\n\n<div class=\"wp-block-media-text alignwide has-media-on-the-right is-stacked-on-mobile\" style=\"grid-template-columns:auto 26%\"><div class=\"wp-block-media-text__content\">\n<p>Als diplomierte Kosmetikerin biete ich Ihnen kosmetische Gesichtsbehandlungen, Manik\u00fcre, Fu\u00dfpflege und diverse Massagen zu fairen Preisen an. Gerne berate ich Sie in verschiedenen Sprachen individuell unter Ber\u00fccksichtigung Ihrer W\u00fcnsche und Pflegebed\u00fcrfnisse.<br>(Deutsch, Spanisch, Italienisch, Portugiesisch)<\/p>\n\n\n\n<p>Lassen Sie sich von mir beraten und verw\u00f6hnen. Ich freue mich sehr auf Ihren Besuch!<br>Kontaktieren Sie mich bitte f\u00fcr einen Termin per Telefon oder Mail<\/p>\n\n\n\n<p><strong>Seny<br>Beauty Kosmetik Aarburg<\/strong><br><strong>Tel: 076 326 66 58<\/strong><br><strong><a href=\"mailto:info@kosmetik-seny.ch\">info@kosmetik-seny.ch<\/a><br>Pilatusstrasse 3<\/strong><br><strong>4663 Aarburg<\/strong><\/p>\n<\/div><figure class=\"wp-block-media-text__media\"><img loading=\"lazy\" decoding=\"async\" width=\"454\" height=\"640\" src=\"https:\/\/kosmetik-seny.ch\/KosmetikSeny\/wp-content\/uploads\/2025\/07\/k-Senaida-Home.jpg\" alt=\"\" class=\"wp-image-86 size-full\" srcset=\"https:\/\/kosmetik-seny.ch\/KosmetikSeny\/wp-content\/uploads\/2025\/07\/k-Senaida-Home.jpg 454w, https:\/\/kosmetik-seny.ch\/KosmetikSeny\/wp-content\/uploads\/2025\/07\/k-Senaida-Home-213x300.jpg 213w\" sizes=\"auto, (max-width: 454px) 100vw, 454px\" \/><\/figure><\/div>\n","protected":false},"excerpt":{"rendered":"<p>Herzlich Willkommen Als diplomierte Kosmetikerin biete ich Ihnen kosmetische Gesichtsbehandlungen, Manik\u00fcre, Fu\u00dfpflege und diverse Massagen zu fairen Preisen an. Gerne berate ich Sie in verschiedenen Sprachen individuell unter Ber\u00fccksichtigung Ihrer W\u00fcnsche und Pflegebed\u00fcrfnisse.(Deutsch, Spanisch, Italienisch, Portugiesisch) Lassen Sie sich von mir beraten und verw\u00f6hnen. Ich freue mich sehr auf Ihren Besuch!Kontaktieren Sie mich bitte f\u00fcr [&hellip;]<\/p>\n","protected":false},"author":1,"featured_media":0,"parent":0,"menu_order":0,"comment_status":"closed","ping_status":"closed","template":"ks_home","meta":{"footnotes":""},"class_list":["post-2","page","type-page","status-publish","hentry"],"_links":{"self":[{"href":"https:\/\/kosmetik-seny.ch\/KosmetikSeny\/index.php?rest_route=\/wp\/v2\/pages\/2","targetHints":{"allow":["GET"]}}],"collection":[{"href":"https:\/\/kosmetik-seny.ch\/KosmetikSeny\/index.php?rest_route=\/wp\/v2\/pages"}],"about":[{"href":"https:\/\/kosmetik-seny.ch\/KosmetikSeny\/index.php?rest_route=\/wp\/v2\/types\/page"}],"author":[{"embeddable":true,"href":"https:\/\/kosmetik-seny.ch\/KosmetikSeny\/index.php?rest_route=\/wp\/v2\/users\/1"}],"replies":[{"embeddable":true,"href":"https:\/\/kosmetik-seny.ch\/KosmetikSeny\/index.php?rest_route=%2Fwp%2Fv2%2Fcomments&post=2"}],"version-history":[{"count":5,"href":"https:\/\/kosmetik-seny.ch\/KosmetikSeny\/index.php?rest_route=\/wp\/v2\/pages\/2\/revisions"}],"predecessor-version":[{"id":89,"href":"https:\/\/kosmetik-seny.ch\/KosmetikSeny\/index.php?rest_route=\/wp\/v2\/pages\/2\/revisions\/89"}],"wp:attachment":[{"href":"https:\/\/kosmetik-seny.ch\/KosmetikSeny\/index.php?rest_route=%2Fwp%2Fv2%2Fmedia&parent=2"}],"curies":[{"name":"wp","href":"https:\/\/api.w.org\/{rel}","templated":true}]}}

<p class="has-text-align-center"><strong>Herzlich Willkommen</strong></p>



<div class="wp-block-media-text alignwide has-media-on-the-right is-stacked-on-mobile" style="grid-template-columns:auto 26%"><div class="wp-block-media-text__content">
<p>Als diplomierte Kosmetikerin biete ich Ihnen kosmetische Gesichtsbehandlungen, Maniküre, Fußpflege und diverse Massagen zu fairen Preisen an. Gerne berate ich Sie in verschiedenen Sprachen individuell unter Berücksichtigung Ihrer Wünsche und Pflegebedürfnisse.<br>(Deutsch, Spanisch, Italienisch, Portugiesisch)</p>



<p>Lassen Sie sich von mir beraten und verwöhnen. Ich freue mich sehr auf Ihren Besuch!<br>Kontaktieren Sie mich bitte für einen Termin per Telefon oder Mail</p>



<p><strong>Seny<br>Beauty Kosmetik Aarburg</strong><br><strong>Tel: 076 326 66 58</strong><br><strong><a href="mailto:info@kosmetik-seny.ch">info@kosmetik-seny.ch</a><br>Pilatusstrasse 3</strong><br><strong>4663 Aarburg</strong></p>
</div><figure class="wp-block-media-text__media"><img loading="lazy" decoding="async" width="454" height="640" src="https://kosmetik-seny.ch/KosmetikSeny/wp-content/uploads/2025/07/k-Senaida-Home.jpg" alt="" class="wp-image-86 size-full" srcset="https://kosmetik-seny.ch/KosmetikSeny/wp-content/uploads/2025/07/k-Senaida-Home.jpg 454w, https://kosmetik-seny.ch/KosmetikSeny/wp-content/uploads/2025/07/k-Senaida-Home-213x300.jpg 213w" sizes="auto, (max-width: 454px) 100vw, 454px" /></figure></div>

<p>Herzlich Willkommen Als diplomierte Kosmetikerin biete ich Ihnen kosmetische Gesichtsbehandlungen, Maniküre, Fußpflege und diverse Massagen zu fairen Preisen an. Gerne berate ich Sie in verschiedenen Sprachen individuell unter Berücksichtigung Ihrer Wünsche und Pflegebedürfnisse.(Deutsch, Spanisch, Italienisch, Portugiesisch) Lassen Sie sich von mir beraten und verwöhnen. Ich freue mich sehr auf Ihren Besuch!Kontaktieren Sie mich bitte für [&hellip;]</p>
