{"id":27,"date":"2025-07-10T09:18:52","date_gmt":"2025-07-10T09:18:52","guid":{"rendered":"https:\/\/kosmetik-seny.ch\/KosmetikSeny\/?page_id=27"},"modified":"2025-07-10T10:22:05","modified_gmt":"2025-07-10T10:22:05","slug":"haarentfernung","status":"publish","type":"page","link":"https:\/\/kosmetik-seny.ch\/KosmetikSeny\/?page_id=27","title":{"rendered":"Haarentfernung"},"content":{"rendered":"\n<div class=\"wp-block-media-text alignwide has-media-on-the-right is-stacked-on-mobile\" style=\"grid-template-columns:auto 41%\"><div class=\"wp-block-media-text__content\">\n<p><strong>Haarentfernung<\/strong><\/p>\n\n\n\n<p class=\"has-medium-font-size\">Zu viele Haare, oder \u00fcberhaupt Haare an den falschen Stellen, entsprechen h\u00e4ufig nicht dem \u00e4stetischen Empfinden vieler Menschen. Dabei handelt es sich nicht unbedingt nur um den klassischen Damenbart oder starker Beinbehaarung bei Frauen, sondern auch M\u00e4nner f\u00fchlen sich von zu starker R\u00fccken- und Brustbehaarung in ihrem K\u00f6rpergef\u00fchl gest\u00f6rt.<\/p>\n\n\n\n<p><strong>Epilation mit Warmwachs<\/strong><\/p>\n\n\n\n<p class=\"has-medium-font-size\">Da die Haare bei der Epilation mitsamt der Haarwurzel entfernt werden, ist die Behandlung nicht v\u00f6llig schmerzlos. Mit der Zeit werden die Haare jedoch feiner und die Enthaarung mit Warmwachs zunehmend schmerzfreier.<\/p>\n<\/div><figure class=\"wp-block-media-text__media\"><img loading=\"lazy\" decoding=\"async\" width=\"300\" height=\"200\" src=\"https:\/\/kosmetik-seny.ch\/KosmetikSeny\/wp-content\/uploads\/2025\/07\/Haarentfernen_klein.png\" alt=\"\" class=\"wp-image-56 size-full\"\/><\/figure><\/div>\n","protected":false},"excerpt":{"rendered":"<p>Haarentfernung Zu viele Haare, oder \u00fcberhaupt Haare an den falschen Stellen, entsprechen h\u00e4ufig nicht dem \u00e4stetischen Empfinden vieler Menschen. Dabei handelt es sich nicht unbedingt nur um den klassischen Damenbart oder starker Beinbehaarung bei Frauen, sondern auch M\u00e4nner f\u00fchlen sich von zu starker R\u00fccken- und Brustbehaarung in ihrem K\u00f6rpergef\u00fchl gest\u00f6rt. Epilation mit Warmwachs Da die [&hellip;]<\/p>\n","protected":false},"author":1,"featured_media":0,"parent":8,"menu_order":4,"comment_status":"closed","ping_status":"closed","template":"ks_haarentfernung","meta":{"footnotes":""},"class_list":["post-27","page","type-page","status-publish","hentry"],"_links":{"self":[{"href":"https:\/\/kosmetik-seny.ch\/KosmetikSeny\/index.php?rest_route=\/wp\/v2\/pages\/27","targetHints":{"allow":["GET"]}}],"collection":[{"href":"https:\/\/kosmetik-seny.ch\/KosmetikSeny\/index.php?rest_route=\/wp\/v2\/pages"}],"about":[{"href":"https:\/\/kosmetik-seny.ch\/KosmetikSeny\/index.php?rest_route=\/wp\/v2\/types\/page"}],"author":[{"embeddable":true,"href":"https:\/\/kosmetik-seny.ch\/KosmetikSeny\/index.php?rest_route=\/wp\/v2\/users\/1"}],"replies":[{"embeddable":true,"href":"https:\/\/kosmetik-seny.ch\/KosmetikSeny\/index.php?rest_route=%2Fwp%2Fv2%2Fcomments&post=27"}],"version-history":[{"count":2,"href":"https:\/\/kosmetik-seny.ch\/KosmetikSeny\/index.php?rest_route=\/wp\/v2\/pages\/27\/revisions"}],"predecessor-version":[{"id":127,"href":"https:\/\/kosmetik-seny.ch\/KosmetikSeny\/index.php?rest_route=\/wp\/v2\/pages\/27\/revisions\/127"}],"up":[{"embeddable":true,"href":"https:\/\/kosmetik-seny.ch\/KosmetikSeny\/index.php?rest_route=\/wp\/v2\/pages\/8"}],"wp:attachment":[{"href":"https:\/\/kosmetik-seny.ch\/KosmetikSeny\/index.php?rest_route=%2Fwp%2Fv2%2Fmedia&parent=27"}],"curies":[{"name":"wp","href":"https:\/\/api.w.org\/{rel}","templated":true}]}}

<div class="wp-block-media-text alignwide has-media-on-the-right is-stacked-on-mobile" style="grid-template-columns:auto 41%"><div class="wp-block-media-text__content">
<p><strong>Haarentfernung</strong></p>



<p class="has-medium-font-size">Zu viele Haare, oder überhaupt Haare an den falschen Stellen, entsprechen häufig nicht dem ästetischen Empfinden vieler Menschen. Dabei handelt es sich nicht unbedingt nur um den klassischen Damenbart oder starker Beinbehaarung bei Frauen, sondern auch Männer fühlen sich von zu starker Rücken- und Brustbehaarung in ihrem Körpergefühl gestört.</p>



<p><strong>Epilation mit Warmwachs</strong></p>



<p class="has-medium-font-size">Da die Haare bei der Epilation mitsamt der Haarwurzel entfernt werden, ist die Behandlung nicht völlig schmerzlos. Mit der Zeit werden die Haare jedoch feiner und die Enthaarung mit Warmwachs zunehmend schmerzfreier.</p>
</div><figure class="wp-block-media-text__media"><img loading="lazy" decoding="async" width="300" height="200" src="https://kosmetik-seny.ch/KosmetikSeny/wp-content/uploads/2025/07/Haarentfernen_klein.png" alt="" class="wp-image-56 size-full"/></figure></div>

<p>Haarentfernung Zu viele Haare, oder überhaupt Haare an den falschen Stellen, entsprechen häufig nicht dem ästetischen Empfinden vieler Menschen. Dabei handelt es sich nicht unbedingt nur um den klassischen Damenbart oder starker Beinbehaarung bei Frauen, sondern auch Männer fühlen sich von zu starker Rücken- und Brustbehaarung in ihrem Körpergefühl gestört. Epilation mit Warmwachs Da die [&hellip;]</p>
